divide 86082216?
True
Does 7 divide 13053565?
True
Does 15 divide 1057164300?
True
Is 1349163676 a multiple of 36?
False
Is 976591638 a multiple of 1441?
True
Does 34 divide 66068464?
False
Is 409 a factor of 246130065?
True
Does 446 divide 32042403?
False
Is 233033270 a multiple of 3?
False
Is 343502167 a multiple of 11806?
False
Is 4010205 a multiple of 1515?
True
Does 55 divide 483696895?
True
Is 9172405 a multiple of 836?
False
Is 89237904 a multiple of 84?
True
Is 641497985 a multiple of 2664?
False
Does 2 divide 22551671?
False
Is 4 a factor of 12888316?
True
Is 377498463 a multiple of 443?
True
Is 3 a factor of 1158471316?
False
Does 2709 divide 37479015?
True
Is 260569470 a multiple of 6?
True
Is 153629510 a multiple of 59?
True
Does 14 divide 4248812749?
False
Does 807 divide 90610073?
False
Is 30 a factor of 23858790?
True
Is 1154177711 a multiple of 4888?
False
Is 88 a factor of 41039913?
False
Does 7238 divide 145349012?
False
Does 3533 divide 292536147?
False
Is 32 a factor of 233295?
False
Is 15358290 a multiple of 15?
True
Is 33235704 a multiple of 24?
True
Is 5788043 a multiple of 192?
False
Is 8446238 a multiple of 803?
False
Is 1908718 a multiple of 14?
True
Is 454742028 a multiple of 236?
True
Is 201615135 a multiple of 1041?
False
Is 865528794 a multiple of 78?
True
Is 45052885 a multiple of 347?
False
Is 53 a factor of 16255101?
False
Is 10465080 a multiple of 37?
True
Is 1669324250 a multiple of 6410?
True
Does 39 divide 6011742?
False
Is 1271 a factor of 925298168?
True
Does 130 divide 70050630?
True
Is 304 a factor of 1587339648?
True
Is 39 a factor of 111511530?
True
Does 415 divide 18507755?
True
Is 42 a factor of 848082522?
True
Is 3337360 a multiple of 13?
True
Does 810 divide 444579030?
True
Does 136 divide 102872642?
False
Is 71 a factor of 17902366?
True
Is 4838088 a multiple of 3?
True
Does 2704 divide 33735186?
False
Is 109717463 a multiple of 3503?
True
Does 18 divide 892571184?
True
Is 1271578 a multiple of 77?
True
Is 57 a factor of 607954191?
True
Does 24 divide 2615824896?
True
Is 1883385 a multiple of 105?
True
Is 1107 a factor of 88958520?
True
Is 7622 a factor of 239452752?
True
Is 22 a factor of 2073156580?
True
Does 290 divide 86669526?
False
Does 73 divide 4431608810?
True
Does 10 divide 614408?
False
Is 35341018 a multiple of 929?
True
Is 827 a factor of 53635912?
True
Is 1085498283 a multiple of 5?
False
Does 215 divide 10311552?
False
Is 119298833 a multiple of 1226?
False
Is 868596360 a multiple of 86?
False
Does 10 divide 177378024?
False
Is 79104392 a multiple of 26?
False
Does 170 divide 3886068420?
True
Is 5712 a factor of 180169024?
False
Is 46119953 a multiple of 5?
False
Is 10 a factor of 536005220?
True
Is 83 a factor of 4126642555?
True
Is 111387465 a multiple of 21?
True
Is 15 a factor of 24317820?
True
Does 937 divide 71987836?
True
Is 829977606 a multiple of 99?
False
Does 14 divide 295631084?
True
Does 1634 divide 295243235?
False
Is 868 a factor of 1266524282?
False
Is 136609019 a multiple of 37?
False
Is 707082 a multiple of 3?
True
Is 3452 a factor of 112801004?
True
Is 121365981 a multiple of 99?
True
Is 2 a factor of 388283359?
False
Does 27 divide 19617660?
True
Is 4048015 a multiple of 21?
False
Is 16390606 a multiple of 23?
False
Is 936 a factor of 3855352176?
True
Is 1293468567 a multiple of 8607?
True
Is 18 a factor of 1005306282?
True
Does 1226 divide 7635862965?
False
Is 62 a factor of 860801761?
False
Does 5863 divide 384277175?
False
Is 427 a factor of 5207265?
True
Does 913 divide 33795971?
False
Is 15995952 a multiple of 392?
True
Is 2286 a factor of 564642?
True
Is 545 a factor of 119180055?
True
Is 1191901018 a multiple of 3967?
True
Is 24388750 a multiple of 1790?
True
Is 45 a factor of 4384080?
True
Is 1829 a factor of 38907645?
False
Does 2603 divide 189743865?
False
Does 51 divide 892715628?
True
Does 53 divide 1673377?
False
Is 1296 a factor of 62841677?
False
Does 87 divide 995694957?
False
Is 55106995 a multiple of 819?
False
Does 66 divide 517833193?
False
Does 29 divide 1836085178?
True
Does 3 divide 625623525?
True
Is 117365587 a multiple of 166?
False
Does 601 divide 30622753?
True
Does 198 divide 350832969?
False
Is 26 a factor of 124391581?
False
Is 11305996 a multiple of 4?
True
Does 2278 divide 6251465284?
True
Does 38 divide 375358756?
True
Is 121458964 a multiple of 151?
True
Does 490 divide 1343770825?
False
Does 7035 divide 854969882?
False
Is 221 a factor of 1725383465?
True
Is 765812621 a multiple of 14?
False
Is 47648307 a multiple of 32?
False
Is 125019179 a multiple of 6842?
False
Is 33 a factor of 1042165928?
False
Is 61 a factor of 355063615?
True
Is 932 a factor of 281748581?
False
Is 237213139 a multiple of 4285?
False
Does 18 divide 733893514?
False
Does 554 divide 290553610?
True
Is 416876629 a multiple of 409?
False
Does 328 divide 62555927?
False
Is 172361952 a multiple of 3024?
True
Is 147972437 a multiple of 57?
False
Does 1290 divide 48988272?
False
Is 11 a factor of 1266365076?
False
Is 817 a factor of 9001706?
True
Is 10 a factor of 327700450?
True
Is 155 a factor of 9607675?
True
Is 311951856 a multiple of 11?
False
Is 28 a factor of 34051080?
True
Does 988 divide 42865935?
False
Is 504 a factor of 4692957?
False
Is 1109145073 a multiple of 163?
True
Is 503 a factor of 1253662624?
False
Is 195 a factor of 4142234839?
False
Is 343536672 a multiple of 209?
False
Is 62 a factor of 882222433?
False
Does 22 divide 222307209?
False
Does 1885 divide 1202654806?
False
Does 59 divide 72481087?
True
Does 17 divide 64172314?
True
Is 453775279 a multiple of 278?
False
Is 46 a factor of 1323558?
True
Does 106 divide 111092021?
False
Does 25 divide 1579127650?
True
Does 822 divide 1236738241?
False
Is 102 a factor of 6427254?
False
Is 7176705 a multiple of 193?
True
Is 1245 a factor of 42631290?
True
Does 141 divide 37921527?
True
Does 156 divide 61614228?
True
Is 17 a factor of 296098792?
True
Is 128 a factor of 43161216?
True
Is 154 a factor of 532053676?
True
Does 99 divide 24301397?
False
Is 82115733 a multiple of 29?
True
Is 200004199 a multiple of 3253?
True
Does 2302 divide 813904328?
True
Is 48366080 a multiple of 64?
True
Is 4018 a factor of 4348736225?
False
Is 331 a factor of 320626791?
True
Is 5 a factor of 21190660?
True
Is 379813604 a multiple of 4434?
False
Is 15 a factor of 132335061?
False
Does 5 divide 93805229?
False
Is 919 a factor of 140607?
True
Does 328 divide 124322169?
False
Is 46617472 a multiple of 113?
True
Is 182417459 a multiple of 189?
False
Does 113 divide 222700513?
True
Does 42 divide 926143638?
True
Is 43351848 a multiple of 298?
True
Does 48 divide 1075728?
True
Is 332744173 a multiple of 2158?
False
Does 3 divide 260040424?
False
Is 196 a factor of 61933253?
False
Is 611532825 a multiple of 243?
False
Is 115 a factor of 145857605?
True
Is 14 a factor of 48815299?
False
Does 1085 divide 4802774?
False
Is 140 a factor of 1049169240?
True
Is 5909141 a multiple of 99?
False
Is 2805 a factor of 18282990?
True
Does 30 divide 41769814?
False
Is 5289 a factor of 4707501533?
False
Does 6 divide 30748668?
True
Is 47866516 a multiple of 82?
True
Does 11 divide 35406561?
False
Does 815 divide 82648330?
False
Is 41541108 a multiple of 406?
True
Does 23 divide 51847889?
False
Is 66 a factor of 102642862?
False
Is 156661542 a multiple of 18?
True
Is 424717020 a multiple of 2457?
True
Does 2693 divide 511670?
True
Is 356 a factor of 45517565?
False
Does 854 divide 196651644?
False
Is 261 a factor of 2098943469?
True
Is 63 a factor of 105010290?
True
Is 407350005 a multiple of 18?
False
Is 21200923 a multiple of 3?
False
Is 574069636 a multiple of 14?
True
Does 12250 divide 2844983594?
False
Is 74 a factor of 88688482?
True
Is 224096922 a multiple of 6?
True
Does 21 divide 332256120?
True
Does 2287 divide 1365907880?
False
Is 25029634 a multiple of 3118?
False
Is 2365530922 a multiple of 18?
False
Is 91473498 a multiple of 93?
True
Is 34602442 a multiple of 55?
False
Does 532 divide 253637675?
False
Does 297 divide 3170851596?
True
Does 127 divide 16241068?
False
Is 84961130 a multiple of 19?
False
Does 124 divide 14496816?
False
Does 25 divide 39270300?
True
Is 1397 a factor of 92005372?
False
Is 46412610 a multiple 